actors of 610144.
2, 23, 829
What are the prime factors of 377984?
2, 2953
List the prime factors of 9565389.
3, 29, 67, 547
List the prime factors of 10578202.
2, 5289101
List the prime factors of 738880.
2, 5, 2309
What are the prime factors of 6076179?
3, 675131
List the prime factors of 101865.
3, 5, 6791
What are the prime factors of 999195?
3, 5, 29, 2297
List the prime factors of 634617.
3, 107, 659
List the prime factors of 1961307.
3, 17, 4273
What are the prime factors of 2457725?
5, 37, 2657
List the prime factors of 1676506.
2, 13, 17, 3793
What are the prime factors of 11706033?
3, 19, 41, 5009
List the prime factors of 583676.
2, 41, 3559
List the prime factors of 2220646.
2, 29, 38287
List the prime factors of 231361.
13, 37
What are the prime factors of 129637?
19, 6823
List the prime factors of 5882785.
5, 1176557
List the prime factors of 81856.
2, 1279
What are the prime factors of 912873?
3, 13, 89, 263
What are the prime factors of 10475447?
233, 44959
What are the prime factors of 139687?
41, 3407
List the prime factors of 198302.
2, 13, 29, 263
What are the prime factors of 2344831?
41, 57191
What are the prime factors of 2864616?
2, 3, 119359
List the prime factors of 21104.
2, 1319
List the prime factors of 1796402.
2, 389, 2309
What are the prime factors of 168991?
168991
List the prime factors of 261951.
3, 87317
List the prime factors of 98076.
2, 3, 11, 743
What are the prime factors of 4473891?
3, 23, 21613
What are the prime factors of 13232863?
7, 43, 43963
List the prime factors of 416894.
2, 59, 3533
What are the prime factors of 324058?
2, 7, 79, 293
List the prime factors of 5161678.
2, 2580839
What are the prime factors of 13588336?
2, 849271
What are the prime factors of 110825?
5, 11, 13, 31
What are the prime factors of 1829147?
443, 4129
What are the prime factors of 922028?
2, 230507
List the prime factors of 72072.
2, 3, 7, 11, 13
List the prime factors of 58275.
3, 5, 7, 37
List the prime factors of 13395386.
2, 6697693
List the prime factors of 11905928.
2, 1488241
List the prime factors of 3993870.
2, 3, 5, 67, 1987
What are the prime factors of 2322599?
47, 49417
What are the prime factors of 174029?
17, 29, 353
List the prime factors of 104893.
29, 3617
List the prime factors of 1205830.
2, 5, 37, 3259
List the prime factors of 347569.
43, 59, 137
What are the prime factors of 985816?
2, 13, 9479
What are the prime factors of 1073381?
1073381
List the prime factors of 292374.
2, 3, 37, 439
What are the prime factors of 54552?
2, 3, 2273
What are the prime factors of 17075692?
2, 79, 54037
List the prime factors of 17609.
17609
What are the prime factors of 339757?
11, 67, 461
List the prime factors of 831331.
101, 8231
What are the prime factors of 138786?
2, 3, 23131
What are the prime factors of 286066?
2, 11, 13003
What are the prime factors of 84660?
2, 3, 5, 17, 83
What are the prime factors of 18510921?
3, 11, 13, 19, 757
What are the prime factors of 12884?
2, 3221
List the prime factors of 2361899.
2361899
List the prime factors of 366023.
7, 52289
List the prime factors of 4422194.
2, 7, 73, 4327
List the prime factors of 4755851.
163, 179
What are the prime factors of 2506592?
2, 11, 7121
List the prime factors of 49811.
49811
What are the prime factors of 1862733?
3, 620911
What are the prime factors of 1805655?
3, 5, 17, 73, 97
List the prime factors of 2283592.
2, 131, 2179
What are the prime factors of 324000?
2, 3, 5
List the prime factors of 9364.
2, 2341
List the prime factors of 1239276.
2, 3, 61, 1693
List the prime factors of 13977999.
3, 7, 221873
What are the prime factors of 5089429?
5089429
List the prime factors of 4774804.
2, 1193701
List the prime factors of 6793422.
2, 3, 37, 71, 431
What are the prime factors of 604299?
3, 17, 41
List the prime factors of 3509220.
2, 3, 5, 11, 13, 409
List the prime factors of 1533011.
283, 5417
List the prime factors of 4710143.
151, 31193
What are the prime factors of 278459?
278459
List the prime factors of 3693216.
2, 3, 17, 31, 73
What are the prime factors of 3566029?
3566029
List the prime factors of 1122811.
1122811
What are the prime factors of 17009685?
3, 5, 7, 11, 4909
What are the prime factors of 2602507?
2602507
List the prime factors of 565745.
5, 113149
What are the prime factors of 15493877?
7, 2213411
List the prime factors of 7787371.
7787371
List the prime factors of 2231411.
7, 13, 31, 113
List the prime factors of 948029.
948029
What are the prime factors of 327033?
3, 7, 29, 179
What are the prime factors of 280492?
2, 70123
What are the prime factors of 128890?
2, 5, 12889
List the prime factors of 4267735.
5, 853547
What are the prime factors of 2587604?
2, 17, 38053
What are the prime factors of 7206709?
277, 26017
What are the prime factors of 5733694?
2, 2866847
What are the prime factors of 3090513?
3, 263, 3917
List the prime factors of 445981.
59, 7559
List the prime factors of 362582.
2, 11, 16481
What are the prime factors of 2034359?
2034359
What are the prime factors of 7990487?
67, 239, 499
What are the prime factors of 130477?
130477
List the prime factors of 11040489.
3, 461, 887
What are the prime factors of 8650486?
2, 13, 332711
What are the prime factors of 16496208?
2, 3, 97, 1181
List the prime factors of 867622.
2, 7, 29, 2137
What are the prime factors of 29672505?
3, 5, 727, 907
What are the prime factors of 4537636?
2, 593, 1913
List the prime factors of 15311790.
2, 3, 5, 13, 23, 569
List the prime factors of 5924918.
2, 2962459
What are the prime factors of 416271?
3, 19, 67, 109
List the prime factors of 2325959.
383, 6073
What are the prime factors of 106711?
11, 89, 109
List the prime factors of 85354.
2, 42677
What are the prime factors of 6992357?
151, 46307
List the prime factors of 54084.
2, 3, 4507
What are the prime factors of 170083?
283, 601
What are the prime factors of 849981?
3, 11, 43, 599
List the prime factors of 397967.
29, 13723
List the prime factors of 369178.
2, 197, 937
List the prime factors of 28463958.
2, 3, 499, 3169
List the prime factors of 284400.
2, 3, 5, 79
List the prime factors of 2044328.
2, 11, 13, 1787
List the prime factors of 154479.
3, 13, 17, 233
List the prime factors of 1390428.
2, 3, 13, 2971
What are the prime factors of 1932187?
113, 17099
What are the prime factors of 36875646?
2, 3, 29, 41, 1723
List the prime factors of 583603.
583603
List the prime factors of 1030925.
5, 7, 43, 137
What are the prime factors of 9048995?
5, 1809799
List the prime factors of 2159371.
433, 4987
List the prime factors of 1811666.
2, 905833
List the prime factors of 5918210.
2, 5, 17, 31, 1123
What are the prime factors of 404492?
2, 11, 29, 317
List the prime factors of 3357663.
3, 1119221
List the prime factors of 345433.
11, 31, 1013
List the prime factors of 622335.
3, 5, 7, 5927
List the prime factors of 75511.
75511
List the prime factors of 76472.
2, 11, 79
What are the prime factors of 404751?
3, 134917
List the prime factors of 356376.
2, 3, 31, 479
List the prime factors of 1238141.
113, 10957
What are the prime factors of 203432?
2, 59, 431
What are the prime factors of 161729?
161729
What are the prime factors of 38012904?
2, 3, 41, 79, 163
What are the prime factors of 3972894?
2, 3, 662149
List the prime factors of 883687.
7, 126241
What are the prime factors of 15397041?
3, 11, 113, 4129
What are the prime factors of 966810?
2, 3, 5, 13, 37, 67
List the prime factors of 655342.
2, 29, 11299
List the prime factors of 1117778.
2, 197, 2837
What are the prime factors of 595353?
3, 11, 18041
What are the prime factors of 34502?
2, 13, 1327
What are the prime factors of 6435736?
2, 541, 1487
List the prime factors of 2430645.
3, 5, 7, 3307
List the prime factors of 2514616.
2, 13, 24179
List the prime factors of 1981056.
2, 3, 7, 11, 67
List the prime factors of 4490594.
2, 103, 21799
List the prime factors of 1172564.
2, 433, 677
What are the prime factors of 12967185?
3, 5, 7, 11, 103, 109
What are the prime factors of 3927228?
2, 3, 83, 3943
What are the prime factors of 1962460?
2, 5, 98123
What are the prime factors of 4254867?
3, 472763
What are the prime factors of 187276?
2, 46819
What are the prime factors of 1165299?
3, 17, 73, 313
